ds digit of 37994?
3
What is the hundreds digit of 37945?
9
What is the hundreds digit of 728?
7
What is the thousands digit of 26082?
6
What is the hundreds digit of 5662?
6
What is the thousands digit of 1061?
1
What is the units digit of 1266?
6
What is the hundreds digit of 842?
8
What is the hundreds digit of 6731?
7
What is the hundreds digit of 484?
4
What is the units digit of 1647?
7
What is the hundreds digit of 131568?
5
What is the tens digit of 98745?
4
What is the units digit of 2715?
5
What is the hundreds digit of 53976?
9
What is the hundreds digit of 142?
1
What is the hundreds digit of 6510?
5
What is the units digit of 12770?
0
What is the tens digit of 44480?
8
What is the hundreds digit of 8580?
5
What is the units digit of 318?
8
What is the hundreds digit of 108579?
5
What is the units digit of 676?
6
What is the hundreds digit of 28269?
2
What is the tens digit of 2168?
6
What is the thousands digit of 2865?
2
What is the hundreds digit of 2240?
2
What is the thousands digit of 9131?
9
What is the thousands digit of 5858?
5
What is the units digit of 5399?
9
What is the units digit of 8985?
5
What is the units digit of 1372?
2
What is the tens digit of 403?
0
What is the ten thousands digit of 18042?
1
What is the tens digit of 40871?
7
What is the thousands digit of 1692?
1
What is the units digit of 137?
7
What is the units digit of 4675?
5
What is the thousands digit of 8335?
8
What is the tens digit of 246?
4
What is the units digit of 585?
5
What is the units digit of 2164?
4
What is the thousands digit of 7235?
7
What is the thousands digit of 2692?
2
What is the tens digit of 11200?
0
What is the units digit of 9116?
6
What is the tens digit of 784?
8
What is the hundreds digit of 6979?
9
What is the ten thousands digit of 95049?
9
What is the units digit of 38?
8
What is the hundreds digit of 3102?
1
What is the tens digit of 14154?
5
What is the tens digit of 74681?
8
What is the tens digit of 290?
9
What is the hundreds digit of 6131?
1
What is the tens digit of 2567?
6
What is the units digit of 4448?
8
What is the hundreds digit of 6354?
3
What is the units digit of 11514?
4
What is the tens digit of 31429?
2
What is the tens digit of 4592?
9
What is the tens digit of 515?
1
What is the tens digit of 86159?
5
What is the ten thousands digit of 12935?
1
What is the ten thousands digit of 27940?
2
What is the tens digit of 8390?
9
What is the units digit of 3715?
5
What is the tens digit of 673?
7
What is the hundreds digit of 2161?
1
What is the thousands digit of 6747?
6
What is the units digit of 378?
8
What is the hundreds digit of 459?
4
What is the thousands digit of 5128?
5
What is the tens digit of 107469?
6
What is the hundreds digit of 417?
4
What is the units digit of 2461?
1
What is the units digit of 24454?
4
What is the hundreds digit of 22166?
1
What is the thousands digit of 32362?
2
What is the hundreds digit of 11343?
3
What is the units digit of 2656?
6
What is the tens digit of 24431?
3
What is the hundreds digit of 14537?
5
What is the tens digit of 851?
5
What is the hundreds digit of 14136?
1
What is the thousands digit of 2047?
2
What is the tens digit of 15945?
4
What is the thousands digit of 1916?
1
What is the units digit of 3437?
7
What is the ten thousands digit of 54128?
5
What is the hundreds digit of 2264?
2
What is the hundreds digit of 45800?
8
What is the hundreds digit of 1854?
8
What is the hundreds digit of 963?
9
What is the units digit of 10562?
2
What is the ten thousands digit of 44762?
4
What is the thousands digit of 3520?
3
What is the hundreds digit of 26741?
7
What is the thousands digit of 86980?
6
What is the thousands digit of 27988?
7
What is the thousands digit of 2725?
2
What is the hundreds digit of 3980?
9
What is the hundreds digit of 14622?
6
What is the tens digit of 256?
5
What is the ten thousands digit of 10644?
1
What is the thousands digit of 1846?
1
What is the ten thousands digit of 33775?
3
What is the thousands digit of 2487?
2
What is the hundreds digit of 16884?
8
What is the tens digit of 1034?
3
What is the hundred thousands digit of 182424?
1
What is the tens digit of 4208?
0
What is the tens digit of 8820?
2
What is the thousands digit of 2719?
2
What is the ten thousands digit of 91347?
9
What is the hundreds digit of 16080?
0
What is the tens digit of 859?
5
What is the thousands digit of 4998?
4
What is the hundreds digit of 498?
4
What is the units digit of 1070?
0
What is the hundreds digit of 141545?
5
What is the tens digit of 446?
4
What is the tens digit of 36410?
1
What is the hundreds digit of 29445?
4
What is the tens digit of 220?
2
What is the hundreds digit of 6974?
9
What is the hundreds digit of 4723?
7
What is the thousands digit of 135819?
5
What is the thousands digit of 5739?
5
What is the tens digit of 11985?
8
What is the ten thousands digit of 45309?
4
What is the hundreds digit of 1604?
6
What is the ten thousands digit of 10987?
1
What is the units digit of 8651?
1
What is the units digit of 5?
5
What is the tens digit of 100310?
1
What is the thousands digit of 4030?
4
What is the units digit of 656?
6
What is the hundreds digit of 9721?
7
What is the tens digit of 8618?
1
What is the thousands digit of 5193?
5
What is the units digit of 3269?
9
What is the tens digit of 294?
9
What is the thousands digit of 18741?
8
What is the tens digit of 84?
8
What is the thousands digit of 24697?
4
What is the tens digit of 157?
5
What is the hundreds digit of 22162?
1
What is the hundreds digit of 64093?
0
What is the tens digit of 59?
5
What is the thousands digit of 6666?
6
What is the units digit of 693?
3
What is the hundreds digit of 686?
6
What is the hundreds digit of 80943?
9
What is the units digit of 1320?
0
What is the tens digit of 9901?
0
What is the units digit of 16115?
5
What is the tens digit of 2740?
4
What is the units digit of 4641?
1
What is the tens digit of 591?
9
What is the hundreds digit of 39742?
7
What is the thousands digit of 13006?
3
What is the thousands digit of 3140?
3
What is the tens digit of 426?
2
What is the units digit of 14171?
1
What is the units digit of 14395?
5
What is the hundreds digit of 391?
3
What is the hundreds digit of 47751?
7
What is the hundreds digit of 5075?
0
What is the thousands digit of 21520?
1
What is the tens digit of 1387?
8
What is the thousands digit of 5984?
5
What is the ten thousands digit of 102533?
0
What is the units digit of 97489?
9
What is the units digit of 312?
2
What is the hundreds digit of 12377?
3
What is the units digit of 5041?
1
What is the tens digit of 36864?
6
What is the thousands digit of 67259?
7
What is the ten thousands digit of 25206?
2
What is the units digit of 2052?
2
What is the units digit of 643?
3
What is the units digit of 1963?
3
What is the tens digit of 832?
3
What is the tens digit of 26961?
6
What is the hundreds digit of 1370?
3
What is the thousands digit of 1723?
1
What is the hundreds digit of 14423?
4
What is the tens digit of 80?
8
What is the units digit of 35776?
6
What is the units digit of 31376?
6
What is the units digit of 1322?
2
What is the thousands digit of 12301?
2
What is the tens digit of 21497?
9
What is the thousands digit of 2291?
2
What is the units digit of 895?
5
What is the units digit of 9791?
1
What is the thousands digit of 1815?
1
What is the tens digit of 10422?
2
What is the units digit of 85825?
5
What is the thousands digit of 28717?
8
What is the units digit of 1673?
3
What is the hundreds digit of 509?
5
What is the hundreds digit of 6473?
4
What is the thousands digit of 3258?
3
What is the hundreds digit of 31445?
4
What is the ten thousands digit of 31774?
3
What is the units digit of 171174?
4
What is the units digit of 23121?
1
What is the thousands digit of 2632?
2
What is the hundreds digit of 1961?
9
What is the tens digit of 16300?
0
What is the thousands digit of 78663?
8
What is the units digit of 88327?
7
What is the units digit of 4509?
9
What is the hundreds digit of 934?
9
What is the tens digit of 30037?
3
What is the tens digit of 1409?
0
What is the units digit of 4170?
0
What is the units digit of 4151?
1
What is the units digit of 5735?
5
What is the hun